{"id":103,"date":"2019-08-15T04:03:23","date_gmt":"2019-08-15T07:03:23","guid":{"rendered":"https:\/\/globol.com.br\/loja\/?post_type=product&#038;p=103"},"modified":"2025-01-22T14:25:08","modified_gmt":"2025-01-22T17:25:08","slug":"bracelete-inteligente","status":"publish","type":"product","link":"https:\/\/globol.com.br\/loja\/produto\/bracelete-inteligente\/","title":{"rendered":"Bracelete inteligente"},"content":{"rendered":"<h2 id=\"title\" class=\"a-size-large a-spacing-none\"><span id=\"productTitle\" class=\"a-size-large\">Pulseira Inteligente Smartband Monitor Card\u00edaco Rel\u00f3gio, ped\u00f4metro, esporte, monitor de freq\u00fc\u00eancia card\u00edaca, monitor de sono e muito mais.<\/span><\/h2>\n<div id='gallery-1' class='gallery galleryid-103 gallery-columns-1 gallery-size-medium'><figure class='gallery-item'>\n\t\t\t<div class='gallery-icon landscape'>\n\t\t\t\t<img fetchpriority=\"high\" decoding=\"async\" width=\"300\" height=\"294\" src=\"https:\/\/globol.com.br\/loja\/wp-content\/uploads\/2019\/08\/005-pulceira-inteligente-300x294.jpg\" class=\"attachment-medium size-medium\" alt=\"\" srcset=\"https:\/\/globol.com.br\/loja\/wp-content\/uploads\/2019\/08\/005-pulceira-inteligente-300x294.jpg 300w, https:\/\/globol.com.br\/loja\/wp-content\/uploads\/2019\/08\/005-pulceira-inteligente-350x343.jpg 350w, https:\/\/globol.com.br\/loja\/wp-content\/uploads\/2019\/08\/005-pulceira-inteligente.jpg 519w\" sizes=\"(max-width: 300px) 100vw, 300px\" \/>\n\t\t\t<\/div><\/figure><figure class='gallery-item'>\n\t\t\t<div class='gallery-icon landscape'>\n\t\t\t\t<img decoding=\"async\" width=\"300\" height=\"282\" src=\"https:\/\/globol.com.br\/loja\/wp-content\/uploads\/2019\/08\/011-pulceira-inteligente-300x282.jpg\" class=\"attachment-medium size-medium\" alt=\"\" srcset=\"https:\/\/globol.com.br\/loja\/wp-content\/uploads\/2019\/08\/011-pulceira-inteligente-300x282.jpg 300w, https:\/\/globol.com.br\/loja\/wp-content\/uploads\/2019\/08\/011-pulceira-inteligente-350x329.jpg 350w, https:\/\/globol.com.br\/loja\/wp-content\/uploads\/2019\/08\/011-pulceira-inteligente.jpg 516w\" sizes=\"(max-width: 300px) 100vw, 300px\" \/>\n\t\t\t<\/div><\/figure><figure class='gallery-item'>\n\t\t\t<div class='gallery-icon landscape'>\n\t\t\t\t<img decoding=\"async\" width=\"300\" height=\"248\" src=\"https:\/\/globol.com.br\/loja\/wp-content\/uploads\/2019\/08\/008-pulceira-inteligente-300x248.jpg\" class=\"attachment-medium size-medium\" alt=\"\" srcset=\"https:\/\/globol.com.br\/loja\/wp-content\/uploads\/2019\/08\/008-pulceira-inteligente-300x248.jpg 300w, https:\/\/globol.com.br\/loja\/wp-content\/uploads\/2019\/08\/008-pulceira-inteligente-350x289.jpg 350w, https:\/\/globol.com.br\/loja\/wp-content\/uploads\/2019\/08\/008-pulceira-inteligente.jpg 522w\" sizes=\"(max-width: 300px) 100vw, 300px\" \/>\n\t\t\t<\/div><\/figure><figure class='gallery-item'>\n\t\t\t<div class='gallery-icon landscape'>\n\t\t\t\t<img loading=\"lazy\" decoding=\"async\" width=\"300\" height=\"240\" src=\"https:\/\/globol.com.br\/loja\/wp-content\/uploads\/2019\/08\/003-pulceira-inteligente-300x240.jpg\" class=\"attachment-medium size-medium\" alt=\"\" srcset=\"https:\/\/globol.com.br\/loja\/wp-content\/uploads\/2019\/08\/003-pulceira-inteligente-300x240.jpg 300w, https:\/\/globol.com.br\/loja\/wp-content\/uploads\/2019\/08\/003-pulceira-inteligente-350x280.jpg 350w, https:\/\/globol.com.br\/loja\/wp-content\/uploads\/2019\/08\/003-pulceira-inteligente.jpg 497w\" sizes=\"(max-width: 300px) 100vw, 300px\" \/>\n\t\t\t<\/div><\/figure><figure class='gallery-item'>\n\t\t\t<div class='gallery-icon landscape'>\n\t\t\t\t<img loading=\"lazy\" decoding=\"async\" width=\"300\" height=\"291\" src=\"https:\/\/globol.com.br\/loja\/wp-content\/uploads\/2019\/08\/010-pulceira-inteligente-300x291.jpg\" class=\"attachment-medium size-medium\" alt=\"\" srcset=\"https:\/\/globol.com.br\/loja\/wp-content\/uploads\/2019\/08\/010-pulceira-inteligente-300x291.jpg 300w, https:\/\/globol.com.br\/loja\/wp-content\/uploads\/2019\/08\/010-pulceira-inteligente-350x339.jpg 350w, https:\/\/globol.com.br\/loja\/wp-content\/uploads\/2019\/08\/010-pulceira-inteligente.jpg 493w\" sizes=\"(max-width: 300px) 100vw, 300px\" \/>\n\t\t\t<\/div><\/figure><figure class='gallery-item'>\n\t\t\t<div class='gallery-icon portrait'>\n\t\t\t\t<img loading=\"lazy\" decoding=\"async\" width=\"233\" height=\"300\" src=\"https:\/\/globol.com.br\/loja\/wp-content\/uploads\/2019\/08\/bracelete-M3PLUS-233x300.jpg\" class=\"attachment-medium size-medium\" alt=\"Pulseira Inteligente Smartband M3 Monitor Card\u00edaco\" srcset=\"https:\/\/globol.com.br\/loja\/wp-content\/uploads\/2019\/08\/bracelete-M3PLUS-233x300.jpg 233w, https:\/\/globol.com.br\/loja\/wp-content\/uploads\/2019\/08\/bracelete-M3PLUS.jpg 310w\" sizes=\"(max-width: 233px) 100vw, 233px\" \/>\n\t\t\t<\/div><\/figure><figure class='gallery-item'>\n\t\t\t<div class='gallery-icon landscape'>\n\t\t\t\t<img loading=\"lazy\" decoding=\"async\" width=\"300\" height=\"273\" src=\"https:\/\/globol.com.br\/loja\/wp-content\/uploads\/2019\/08\/009-pulceira-inteligente-300x273.jpg\" class=\"attachment-medium size-medium\" alt=\"\" srcset=\"https:\/\/globol.com.br\/loja\/wp-content\/uploads\/2019\/08\/009-pulceira-inteligente-300x273.jpg 300w, https:\/\/globol.com.br\/loja\/wp-content\/uploads\/2019\/08\/009-pulceira-inteligente-350x319.jpg 350w, https:\/\/globol.com.br\/loja\/wp-content\/uploads\/2019\/08\/009-pulceira-inteligente.jpg 514w\" sizes=\"(max-width: 300px) 100vw, 300px\" \/>\n\t\t\t<\/div><\/figure><figure class='gallery-item'>\n\t\t\t<div class='gallery-icon landscape'>\n\t\t\t\t<img loading=\"lazy\" decoding=\"async\" width=\"300\" height=\"262\" src=\"https:\/\/globol.com.br\/loja\/wp-content\/uploads\/2019\/08\/007-pulceira-inteligente-300x262.jpg\" class=\"attachment-medium size-medium\" alt=\"\" srcset=\"https:\/\/globol.com.br\/loja\/wp-content\/uploads\/2019\/08\/007-pulceira-inteligente-300x262.jpg 300w, https:\/\/globol.com.br\/loja\/wp-content\/uploads\/2019\/08\/007-pulceira-inteligente-350x305.jpg 350w, https:\/\/globol.com.br\/loja\/wp-content\/uploads\/2019\/08\/007-pulceira-inteligente.jpg 554w\" sizes=\"(max-width: 300px) 100vw, 300px\" \/>\n\t\t\t<\/div><\/figure><figure class='gallery-item'>\n\t\t\t<div class='gallery-icon landscape'>\n\t\t\t\t<img loading=\"lazy\" decoding=\"async\" width=\"300\" height=\"289\" src=\"https:\/\/globol.com.br\/loja\/wp-content\/uploads\/2019\/08\/002-pulceira-inteligente-300x289.jpg\" class=\"attachment-medium size-medium\" alt=\"\" srcset=\"https:\/\/globol.com.br\/loja\/wp-content\/uploads\/2019\/08\/002-pulceira-inteligente-300x289.jpg 300w, https:\/\/globol.com.br\/loja\/wp-content\/uploads\/2019\/08\/002-pulceira-inteligente-350x337.jpg 350w, https:\/\/globol.com.br\/loja\/wp-content\/uploads\/2019\/08\/002-pulceira-inteligente.jpg 516w\" sizes=\"(max-width: 300px) 100vw, 300px\" \/>\n\t\t\t<\/div><\/figure><figure class='gallery-item'>\n\t\t\t<div class='gallery-icon landscape'>\n\t\t\t\t<img loading=\"lazy\" decoding=\"async\" width=\"300\" height=\"258\" src=\"https:\/\/globol.com.br\/loja\/wp-content\/uploads\/2019\/08\/001pulceira-inteligente-300x258.jpg\" class=\"attachment-medium size-medium\" alt=\"Pulseira Inteligente Smartband M3 Monitor Card\u00edaco Rel\u00f3gio\" aria-describedby=\"gallery-1-109\" srcset=\"https:\/\/globol.com.br\/loja\/wp-content\/uploads\/2019\/08\/001pulceira-inteligente-300x258.jpg 300w, https:\/\/globol.com.br\/loja\/wp-content\/uploads\/2019\/08\/001pulceira-inteligente-350x301.jpg 350w, https:\/\/globol.com.br\/loja\/wp-content\/uploads\/2019\/08\/001pulceira-inteligente.jpg 525w\" sizes=\"(max-width: 300px) 100vw, 300px\" \/>\n\t\t\t<\/div>\n\t\t\t\t<figcaption class='wp-caption-text gallery-caption' id='gallery-1-109'>\n\t\t\t\tPulseira Inteligente Smartband M3 Monitor Card\u00edaco Rel\u00f3gio\n\t\t\t\t<\/figcaption><\/figure>\n\t\t<\/div>\n\n<p>&nbsp;<\/p>\n<p style=\"text-align: center;\"><span style=\"color: #ffff00; background-color: #333300;\">Compre online ou entre em contato com Osvaldo pelo WhatsApp 19 9 9145-3650<\/span><\/p>\n<h2>Como configurar, fun\u00e7\u00f5es e dicas de integra\u00e7\u00e3o com Smartphone<\/h2>\n<p><iframe class=\"YOUTUBE-iframe-video\" src=\"https:\/\/www.youtube.com\/embed\/VI0ZACnLZms?autoplay=0&amp;modestbranding=1&amp;rel=0&amp;controls=1&amp;showinfo=0;feature=player_embedded\" width=\"910\" height=\"554\" frameborder=\"0\" allowfullscreen=\"allowfullscreen\"><\/iframe><\/p>\n<h3 class=\"main-section__title item-description__title\">Descri\u00e7\u00e3o<\/h3>\n<div id=\"description-includes\" class=\"item-description__content \">\n<div class=\"item-description__text\">\n<p>Pulseira Inteligente Smartband M3 Monitor Card\u00edaco Rel\u00f3gio<\/p>\n<p>O Rel\u00f3gio Inteligente Smartband M3 \u00e9 um acess\u00f3rio para pessoas que buscam uma vida saud\u00e1vel, atrav\u00e9s do monitoramento das atividades humanas atrav\u00e9s da tecnologia de sensores eletr\u00f4nicos (dispositivo Wearable).<\/p>\n<p>INFORMA\u00c7\u00d5ES T\u00c9CNICAS:<\/p>\n<p>&#8211; Monitora seus batimentos card\u00edacos, press\u00e3o arterial, passos, calorias queimadas; quilometragem percorrida e estat\u00edsticas de sono;<br \/>\n&#8211; Dura\u00e7\u00e3o da bateria: at\u00e9 7 dias stand-by<br \/>\n&#8211; Tela TFT de 0,96 polegadas;<br \/>\n&#8211; \u00c0 prova de \u00e1gua: possui classifica\u00e7\u00e3o IP67;<br \/>\n&#8211; Modos esportivos: corrida e caminhada;<br \/>\n&#8211; Carregamento via USB;<br \/>\n&#8211; Monitoramento em tempo real da frequ\u00eancia card\u00edaca;<br \/>\n&#8211; Receba em seu pulso notifica\u00e7\u00f5es de chamadas, mensagens e aplicativos.<\/p>\n<p>FUN\u00c7\u00d5ES:<\/p>\n<p>&#8211; Alarmes;<br \/>\n&#8211; Exibe as mensagens, chamadas e notifica\u00e7\u00f5es de aplicativos que voc\u00ea receber em seu smartphone;<br \/>\n&#8211; Levante o pulso para acender a tela;<br \/>\n&#8211; Lembrete sedent\u00e1rio, Ped\u00f4metro e Monitoramento do Sono;<br \/>\n&#8211; Batimentos card\u00edacos, press\u00e3o arterial, passos, calorias queimadas; quilometragem percorrida;<br \/>\n&#8211; Dura\u00e7\u00e3o da bateria: at\u00e9 15 dias no modo standby e 7 dias no modo de funcionamento<br \/>\n&#8211; Tela TFT de 0,96 polegadas<br \/>\n&#8211; Carregamento via USB<br \/>\n&#8211; Modo Operacional: Tela sens\u00edvel ao toque<br \/>\n&#8211; Sistemas Operacionais Compat\u00edveis: Android,IOS<br \/>\n&#8211; Vers\u00e3o de Bluetooth: Bluetooth 4.0<br \/>\n&#8211; L\u00edngua: \u00e1rabe,Ingl\u00eas,franc\u00eas,alem\u00e3o,indiano,italiano,Portugu\u00eas,Chin\u00eas simplificado,espanhol<br \/>\n&#8211; Tamanho do Produto(L x W x H): 5,35 x 3,35 x 1,85 cm<br \/>\n&#8211; Peso do Produto: 0,0380 kg<br \/>\n&#8211; Resistente a agua: IP67<br \/>\n&#8211; Cores: Preto, azul e vermelho.<\/p>\n<p>CONTE\u00daDO DA EMBALAGEM:<\/p>\n<p>1x Pulseira em ABS<br \/>\n1x Rel\u00f3gio Inteligente<br \/>\n1x Manual em ingl\u00eas\/chin\u00eas.<br \/>\n1x Cabo Usb para carregamento (obs: Alguns fornecedores mandam outro modelo que carrega diretamente no usb).<\/p>\n<\/div>\n<p>ATEN\u00c7\u00c3O: N\u00e3o existe compara\u00e7\u00e3o com equipamentos hospitalares sobre leitura de par\u00e2metros m\u00e9dicos, ele n\u00e3o \u00e9 um dispositivo m\u00e9dico!!!<br \/>\nOBS 2: N\u00c3O \u00c9 POSS\u00cdVEL ESCOLHER MODO DE CARREGAMENTO, SEGUE COM CABO OU COM CARREGAMENTO DIRETAMENTE NO USB. AO COLOCAR PRA CARREG\u00c1-LO, O PRODUTO VAI VIBRAR AO DETECTAR CARREGAMENTO, PEDIMOS PARA SEJA TESTADOS EM DIVERSOS USB POIS ALGUNS N\u00c3O SE ENCAIXAM E LOGO N\u00c3O CARREGA.<\/p>\n<\/div>\n","protected":false},"excerpt":{"rendered":"<p style=\"text-align: center;\"><span style=\"color: #0000ff;\">Clique e assista ao v\u00eddeo menos de 2 minutos<\/span><\/p>\n<div style=\"width: 640px;\" class=\"wp-video\"><video class=\"wp-video-shortcode\" id=\"video-103-1\" width=\"640\" height=\"360\" preload=\"metadata\" controls=\"controls\"><source type=\"video\/mp4\" src=\"https:\/\/globol.com.br\/loja\/wp-content\/uploads\/2019\/08\/bracelete.mp4?_=1\" \/><a href=\"https:\/\/globol.com.br\/loja\/wp-content\/uploads\/2019\/08\/bracelete.mp4\">https:\/\/globol.com.br\/loja\/wp-content\/uploads\/2019\/08\/bracelete.mp4<\/a><\/video><\/div>\n<h3 id=\"title\" class=\"a-size-large a-spacing-none\"><span id=\"productTitle\" class=\"a-size-large\">Pulseira Inteligente Smartband Monitor Card\u00edaco Rel\u00f3gio, ped\u00f4metro, esporte, monitor de freq\u00fc\u00eancia card\u00edaca, monitor de sono e muito mais. Informa at\u00e9 as horas.<br \/>\n<\/span><span id=\"productTitle\" class=\"a-size-large\">Compre j\u00e1 e economize o frete. Pronta entrega at\u00e9 06 horas.<\/span><\/h3>\n","protected":false},"featured_media":106,"comment_status":"open","ping_status":"closed","template":"","meta":[],"product_brand":[],"product_cat":[29],"product_tag":[30,33,32,31],"class_list":{"0":"post-103","1":"product","2":"type-product","3":"status-publish","4":"has-post-thumbnail","6":"product_cat-relogios-inteligentes","7":"product_tag-pulseira-inteligente","8":"product_tag-relogio","9":"product_tag-relogios","10":"product_tag-smartphone","12":"first","13":"outofstock","14":"sale","15":"shipping-taxable","16":"purchasable","17":"product-type-simple"},"aioseo_notices":[],"_links":{"self":[{"href":"https:\/\/globol.com.br\/loja\/wp-json\/wp\/v2\/product\/103","targetHints":{"allow":["GET"]}}],"collection":[{"href":"https:\/\/globol.com.br\/loja\/wp-json\/wp\/v2\/product"}],"about":[{"href":"https:\/\/globol.com.br\/loja\/wp-json\/wp\/v2\/types\/product"}],"replies":[{"embeddable":true,"href":"https:\/\/globol.com.br\/loja\/wp-json\/wp\/v2\/comments?post=103"}],"version-history":[{"count":2,"href":"https:\/\/globol.com.br\/loja\/wp-json\/wp\/v2\/product\/103\/revisions"}],"predecessor-version":[{"id":313,"href":"https:\/\/globol.com.br\/loja\/wp-json\/wp\/v2\/product\/103\/revisions\/313"}],"wp:featuredmedia":[{"embeddable":true,"href":"https:\/\/globol.com.br\/loja\/wp-json\/wp\/v2\/media\/106"}],"wp:attachment":[{"href":"https:\/\/globol.com.br\/loja\/wp-json\/wp\/v2\/media?parent=103"}],"wp:term":[{"taxonomy":"product_brand","embeddable":true,"href":"https:\/\/globol.com.br\/loja\/wp-json\/wp\/v2\/product_brand?post=103"},{"taxonomy":"product_cat","embeddable":true,"href":"https:\/\/globol.com.br\/loja\/wp-json\/wp\/v2\/product_cat?post=103"},{"taxonomy":"product_tag","embeddable":true,"href":"https:\/\/globol.com.br\/loja\/wp-json\/wp\/v2\/product_tag?post=103"}],"curies":[{"name":"wp","href":"https:\/\/api.w.org\/{rel}","templated":true}]}}